 What is the units digit of (2 - 1)*(6 - o)?
7
Suppose -5*l + 370 = 5*j, 3*j - 130 = -l + 96. What is the tens digit of j?
7
What is the units digit of 42/(-5*(-8)/60)?
3
Let g(k) = -k**2 - 5*k + 2. Let s be g(-6). Suppose 0 = c - 4*z - 7 - 4, 2*z + 6 = 0. What is the units digit of (s - c) + 3 + 9?
9
Let i be (-4)/(-6) - (-4)/3. Suppose 4*r = -5*n + 77, -n = -i*r + n + 34. What is the tens digit of r?
1
Let y = 30 + -27. What is the units digit of y?
3
Suppose v - 3*r - 350 = -v, 0 = -2*v - 2*r + 370. What is the tens digit of v?
8
Let x(y) = -12*y - 3. Let m be x(-2). Suppose 0 = -5*t - s + m, 2*t + 5*s - 11 = 2*s. What is the units digit of t?
4
Let p = 14 + 9. What is the tens digit of p?
2
Let h(s) = -3*s. What is the tens digit of h(-5)?
1
Suppose h - 7 = 24. Suppose 2*l = l + h. Suppose -2*x = s - 32, -5*x + 62 = -4*s - l. What is the tens digit of x?
1
Let c(m) = -2*m - m + 8*m. Let h = 24 + -23. What is the units digit of c(h)?
5
Suppose -3*s + 4*s + 3 = 0. What is the units digit of s - (-36)/8*6?
4
Let t be 1 + -4 + (-20)/(-4). Suppose t*s - s = 16. What is the units digit of s?
6
Suppose a = -4*a + 10. Suppose -4*j + 62 = 3*o, 4*o = a*o - 4. Suppose t = -2*u + j, -10 = -3*u + 5*t + 9. What is the units digit of u?
8
Let b = 2 + 4. Suppose 2*g = -0 + 6, o = -2*g + 10. What is the units digit of 4/3 + o/b?
2
Let g = 30 + 35. What is the units digit of g?
5
Suppose 6 = 5*o - 374. Suppose -u = -5*r + o, 3*r + 3*u - 27 = r. What is the tens digit of r?
1
Let b(z) = -2 - 5*z + 0 + z. Suppose -2*p = -2*k - 8, 0 = -5*k - 4*p - 5 + 3. What is the units digit of b(k)?
6
Suppose -2*u = -n + 27, -3*u = -0*n - 2*n + 49. Let r = -11 + n. What is the units digit of r?
6
Let w(j) = -2*j - 7. Let m be w(-6). Suppose 4*v = m*i - 134, -i - 4*v = -2*i + 30. Let u = -16 + i. What is the units digit of u?
0
What is the hundreds digit of 1 + 118 + (-4 - -1)?
1
Let u = -1 + 7. Suppose b - 5 = -h, -3*b = -2*h + u*h - 19. Suppose 11 - b = 2*j. What is the units digit of j?
5
Let f(i) = i**2 + 7*i + 7. Let t be f(-6). What is the tens digit of (-4)/4*t*-32?
3
Let f(w) = 15*w - 37. What is the tens digit of f(9)?
9
Let t = -33 - -37. What is the units digit of t?
4
Suppose 48 - 293 = -5*i. What is the units digit of i?
9
Let x be 24 + (6/2 - 1). Let w = -6 + 10. Suppose -49 = -w*o - 3*s, 6*o - 4*o = -2*s + x. What is the tens digit of o?
1
Suppose -3*z + z + 226 = 0. Suppose 4*q = -5*t - 0*q + z, 32 = 2*t - 5*q. Suppose -o = -t + 6. What is the units digit of o?
5
Let o(x) = x**3 + 22*x**2 - 3*x - 10. What is the tens digit of o(-22)?
5
Let b = 23 - -18. What is the tens digit of b?
4
What is the units digit of -5*7/((-105)/132)?
4
Let l be 4 + -2 + 1 + 0. Let y(n) = n - 7. Let z be y(l). What is the units digit of (10/(-4))/(2/z)?
5
Suppose 5*b - 2 = 83. What is the tens digit of b?
1
Let a be (-2 - 1)*(-28)/(-42). What is the tens digit of 21/(-1)*(-3 - a)?
2
Let k = -9 + 16. Suppose 4*p = k - 3. What is the units digit of 6/(-9)*(p - 7)?
4
What is the units digit of -3 - ((-18)/3 + 2)?
1
Let f be ((-33)/(-12) + -2)*-4. Let q(m) = m**2 + 3*m + 2. Let l be q(f). Suppose 1 = -l*d + 5. What is the units digit of d?
2
Suppose -i - 2*d + 4*d = 3, 4*i + 4*d - 24 = 0. Suppose 2*h = 5*h + 5*q - 5, -h + 7 = -q. Suppose -14 = -h*s + i*s. What is the units digit of s?
7
Let r be 2 + 5 - 3 - -1. Suppose -4*g = -2*v - 54, -4*v + r = 4*g - 31. What is the units digit of g?
2
Suppose 4*r = -4*n - 8, r - 2 - 1 = 4*n. Let l be (-1 - r - 2)/(-1). Suppose 17 + 1 = l*c. What is the units digit of c?
9
Let u = 185 + -93. Suppose -7*t = -3*t - u. What is the units digit of t?
3
Suppose -5*q + 94 = -3*q. Suppose -43 = -3*t - 5*y, 4*t - q - 5 = -4*y. What is the tens digit of t?
1
Suppose -5*u + 4*a + 34 = -0*u, -2*a + 18 = u. What is the tens digit of u?
1
Let q = 29 + -1. What is the units digit of q?
8
Let x = -17 + 29. What is the units digit of ((-1)/3 + 1)*x?
8
Let h = -51 - -102. What is the units digit of h?
1
Let b(q) = q**3 + 10*q**2 + 9*q + 9. Let j be b(-7). Let y = -64 + j. What is the units digit of y?
9
Let s = 29 - 19. What is the units digit of s?
0
Let u be ((-16)/40)/((-1)/10). Suppose -2*k = -u*k + 58. What is the units digit of k?
9
Let u(g) = -g**3 + 3*g + 4. Suppose -h - 13 = -5*k, 7 = -3*h + 2*k - 6. What is the tens digit of u(h)?
2
Let q = -2 + 2. What is the units digit of (q + 12)*1 + 3?
5
Suppose -b - z - z = 5, 4*z + 15 = 3*b. Suppose -m - s = 0, 0 = -5*m - s + b + 7. What is the units digit of m?
2
Suppose 4*j = z, 0*j + j - 45 = -2*z. Suppose -4*k = -0 + z. Let o = k - -7. What is the units digit of o?
2
Let p = -20 + -8. Let j = p + 14. Let g = -7 - j. What is the units digit of g?
7
Let b(k) = k - 7. Let y be b(7). Suppose 2*c - 2 = -y. What is the units digit of (-30)/12*(-2)/c?
5
Let x = 28 - 43. Let u = 19 + x. What is the units digit of u?
4
Let n be 3 - -4 - (-4)/(-2). Let f = n - -11. What is the units digit of f?
6
Let v be (5 - 8)/((-6)/4). What is the units digit of (6/(-8))/(v/(-80))?
0
Suppose 0*g - 2*g = -n + 23, 5*g - n + 53 = 0. What is the units digit of g*1*(-2)/4?
5
Let g(a) = -34*a + 2. What is the units digit of g(-3)?
4
Let v be (-2)/(-4) - (-11)/2. Let h(k) = k**3 - 6*k**2 + 4 + k - 4. What is the units digit of h(v)?
6
Let y(n) = n**3 + 2*n**2 + n. What is the units digit of y(3)?
8
Suppose 158 = 16*n - 1154. What is the units digit of n?
2
Let f(d) = 2*d + 3. Let l be f(11). Suppose -2*a + l = -33. What is the units digit of a?
9
Let l = -3 + 7. What is the units digit of 1268/44 + l/22?
9
Let l = -4 + 8. Suppose 0 = i + n - 2, l*i = -n - 0*n - 1. What is the units digit of i*(0 - -1) + 11?
0
Suppose 3*b = 4*l - 2*l - 11, -3*b - 8 = l. Let m(h) = 47*h**2 - 2*h + 2. What is the units digit of m(l)?
7
Let u = -2 + 10. Suppose u*x - 5*x - 51 = 0. What is the tens digit of x?
1
Suppose 18 = 2*h - 50. What is the tens digit of h?
3
Suppose -5*w - 1 = -16. Suppose 0 = -w*j + 55 + 5. What is the units digit of j?
0
Suppose -v + c + 1 = 2, -2*c = -3*v. Suppose -4*l - w - 2*w = -22, 3*l + w = 14. Suppose 2 = -v*q + l, -5*p - 3*q = -43. What is the units digit of p?
8
What is the tens digit of (-9)/15 + 176/10?
1
Let u = 36 - 21. Let z be (-10)/u - (-2)/3. Suppose 4*t + 0*t - 38 = 2*a, z = -4*t + a + 43. What is the tens digit of t?
1
Let d(i) = -8*i - 5. Suppose -4*r + 6*r - 5*t = -12, 2*r - 16 = -2*t. Let s be d(r). What is the units digit of s/(-4) + 2/(-8)?
9
Suppose -42 = -4*g - 6. Suppose 3*s - 42 + g = 0. What is the units digit of s?
1
Suppose -4*a = -3*d + 72, -a = -3*a + 2*d - 38. Let c be 24/a*(4 - -1). Let x = -4 - c. What is the units digit of x?
4
Let b(f) be the third derivative of f**5/60 - 5*f**4/24 + f**3/3 - f**2. Let r be b(5). Suppose r*u - 32 = 3*c - 6, 9 = 3*u + 3*c. What is the units digit of u?
7
Let q = -41 - -42. Suppose -a + 4 = -0. Suppose 5*v + a*b = 21, 2*v - 3*b + 9 = -q. What is the units digit of v?
1
Let p = 0 - -5. Suppose -3*d = p*a - 50, 2*d - 5 = d. What is the units digit of a?
7
Let w(p) = p - 3. Let d be w(5). Let k be 3/(-6) + d/4. What is the tens digit of k + (3 - 4 - -12)?
1
Suppose -6*s = 317 - 1643. What is the hundreds digit of s?
2
What is the units digit of (-407)/(-4) - (7/(-28) - 0)?
2
Suppose 0 = c + 2*c - 30. Suppose 3*q = -c + 40. What is the tens digit of q?
1
Suppose 9 - 1 = -u. Let s be (6/u)/((-1)/(-12)). Let x(i) = i**3 + 8*i**2 - 11*i - 12. What is the units digit of x(s)?
6
Suppose -2 = 2*n - 0*n. What is the units digit of ((-16)/n - 2) + -1?
3
Suppose 2*v = -5*r - 11, -4*r - 6 = 4*v - 2. Suppose -f = v - 9. What is the units digit of f?
7
Let t(u) = -u**3 + 5*u**2 - 3*u - 4. Suppose -x - 12 = -4*x. Let v be t(x). Suppose -q = -v*z - 2*z + 16, 2*z - 24 = 5*q. What is the units digit of z?
7
What is the units digit of (-2)/4 - (-1 + 196/(-8))?
5
Let f be (-84)/(-30) - (-1)/5. Suppose 40 = 4*c + 2*x, -4*c + 36 = f*x - 2*x. What is the units digit of c?
8
Let j = 47 - 24. Let v = 11 + -11. Suppose 4*z = -5*k + 2*z + 17, v = -3*k + 2*z + j. What is the units digit of k?
5
Let b = 132 - 58. What is the tens digit of b?
7
Suppose -5*i + 48 = 4*w, 9 = 5*i - 4*w - 63. Suppose -3*r - i = -42. What is the tens digit of r?
1
Let q be (4 + -1)/(-3) + -4. Let d = q + 8. What is t